me factors of 7237655?
5, 97, 14923
What are the prime factors of 9744636?
2, 3, 11, 73823
List the prime factors of 1165724.
2, 7, 17, 31, 79
What are the prime factors of 580254?
2, 3, 97, 997
List the prime factors of 49734.
2, 3, 307
List the prime factors of 10544200.
2, 5, 52721
List the prime factors of 11519964.
2, 3, 23, 13913
What are the prime factors of 273513?
3, 17, 31, 173
What are the prime factors of 113105?
5, 22621
List the prime factors of 10756903.
17, 479, 1321
What are the prime factors of 98676?
2, 3, 2741
List the prime factors of 3441.
3, 31, 37
List the prime factors of 1206695.
5, 7, 23, 1499
What are the prime factors of 5749834?
2, 2874917
What are the prime factors of 6974145?
3, 5, 154981
What are the prime factors of 437878?
2, 7, 31277
What are the prime factors of 314833?
37, 67, 127
What are the prime factors of 3745?
5, 7, 107
List the prime factors of 190445.
5, 41, 929
List the prime factors of 1395972.
2, 3, 17, 2281
What are the prime factors of 2989367?
2989367
What are the prime factors of 21221230?
2, 5, 2122123
What are the prime factors of 812414?
2, 406207
What are the prime factors of 2487985?
5, 497597
List the prime factors of 7350424.
2, 47, 113, 173
List the prime factors of 1320239.
683, 1933
What are the prime factors of 269627?
79, 3413
What are the prime factors of 1209888?
2, 3, 4201
What are the prime factors of 27844531?
11, 13, 194717
List the prime factors of 997586.
2, 239, 2087
What are the prime factors of 494823?
3, 7, 23563
What are the prime factors of 6626914?
2, 7, 473351
List the prime factors of 2897685.
3, 5, 7, 9199
List the prime factors of 674765.
5, 7, 13, 1483
What are the prime factors of 1009313?
59, 17107
List the prime factors of 7424670.
2, 3, 5, 11, 149, 151
List the prime factors of 11581404.
2, 3, 965117
What are the prime factors of 6110815?
5, 421, 2903
What are the prime factors of 5145812?
2, 7, 37, 4967
List the prime factors of 784817.
11, 71347
List the prime factors of 3960933.
3, 743, 1777
What are the prime factors of 4297790?
2, 5, 7, 179
List the prime factors of 152155.
5, 30431
What are the prime factors of 1030748?
2, 257687
What are the prime factors of 620108?
2, 155027
List the prime factors of 679306.
2, 339653
What are the prime factors of 35135?
5, 7027
List the prime factors of 3554271.
3, 7, 56417
What are the prime factors of 2204429?
53, 41593
List the prime factors of 1437657.
3, 13, 191, 193
What are the prime factors of 60300?
2, 3, 5, 67
List the prime factors of 186174.
2, 3, 10343
What are the prime factors of 32535255?
3, 5, 59, 97, 379
What are the prime factors of 571994?
2, 285997
What are the prime factors of 869890?
2, 5, 7, 17, 43
What are the prime factors of 7809?
3, 19, 137
List the prime factors of 274016.
2, 8563
What are the prime factors of 13595291?
17, 799723
What are the prime factors of 114717?
3, 38239
List the prime factors of 1407392.
2, 7, 61, 103
List the prime factors of 13006326.
2, 3, 17, 29, 4397
List the prime factors of 196242.
2, 3, 32707
List the prime factors of 1076970.
2, 3, 5, 35899
List the prime factors of 235893.
3, 7, 47, 239
What are the prime factors of 1696319?
23, 131, 563
List the prime factors of 29863538.
2, 14931769
List the prime factors of 19647501.
3, 19, 344693
What are the prime factors of 10662286?
2, 5331143
List the prime factors of 390186.
2, 3, 53, 409
List the prime factors of 24414879.
3, 829, 9817
What are the prime factors of 579449?
13, 29, 53
List the prime factors of 317272.
2, 39659
List the prime factors of 5701851.
3, 17, 83, 449
What are the prime factors of 748652?
2, 187163
List the prime factors of 154570.
2, 5, 13, 29, 41
List the prime factors of 12410.
2, 5, 17, 73
What are the prime factors of 3347614?
2, 1673807
What are the prime factors of 7645683?
3, 23, 110807
List the prime factors of 708488.
2, 11, 83, 97
What are the prime factors of 603800?
2, 5, 3019
List the prime factors of 3218153.
3218153
List the prime factors of 161203.
7, 23029
List the prime factors of 749908.
2, 187477
List the prime factors of 15774796.
2, 107, 36857
List the prime factors of 617366.
2, 23, 13421
List the prime factors of 29442173.
1907, 15439
List the prime factors of 1771141.
109, 16249
List the prime factors of 6192792.
2, 3, 86011
List the prime factors of 12512676.
2, 3, 11, 94793
What are the prime factors of 131612?
2, 13, 2531
List the prime factors of 57321.
3, 11, 193
What are the prime factors of 23905598?
2, 2711, 4409
List the prime factors of 33001919.
317, 104107
What are the prime factors of 3206328?
2, 3, 133597
What are the prime factors of 724699?
281, 2579
List the prime factors of 4983212.
2, 13, 61, 1571
What are the prime factors of 860401?
29, 29669
What are the prime factors of 2099865?
3, 5, 139991
What are the prime factors of 369515?
5, 263, 281
What are the prime factors of 543154?
2, 59, 4603
What are the prime factors of 1575286?
2, 281, 2803
What are the prime factors of 3240699?
3, 7, 11, 14029
List the prime factors of 83577.
3, 13, 2143
What are the prime factors of 56513?
31, 1823
List the prime factors of 362694.
2, 3, 60449
List the prime factors of 9301235.
5, 53, 35099
What are the prime factors of 26869662?
2, 3, 59, 25301
What are the prime factors of 6738498?
2, 3, 13, 29, 331
What are the prime factors of 359468?
2, 89867
What are the prime factors of 2860206?
2, 3, 476701
List the prime factors of 9393047.
127, 73961
List the prime factors of 365570.
2, 5, 139, 263
List the prime factors of 2176012.
2, 661, 823
What are the prime factors of 6132519?
3, 59, 11549
What are the prime factors of 1235357?
577, 2141
List the prime factors of 14720882.
2, 11, 193, 3467
List the prime factors of 3841358.
2, 1920679
List the prime factors of 1500428.
2, 23, 47, 347
What are the prime factors of 16929158?
2, 67, 126337
What are the prime factors of 7968310?
2, 5, 7, 67, 1699
List the prime factors of 3725511.
3, 109, 11393
List the prime factors of 2042237.
2042237
What are the prime factors of 4995596?
2, 797, 1567
List the prime factors of 378553.
7, 41, 1319
List the prime factors of 111812.
2, 27953
What are the prime factors of 5914828?
2, 1478707
What are the prime factors of 937146?
2, 3, 7, 53, 421
List the prime factors of 258513.
3, 86171
What are the prime factors of 1094655?
3, 5, 72977
List the prime factors of 1721244.
2, 3, 7, 31, 661
What are the prime factors of 6970654?
2, 3485327
What are the prime factors of 18569118?
2, 3, 19, 8573
What are the prime factors of 80273?
80273
What are the prime factors of 151132?
2, 37783
What are the prime factors of 3795941?
37, 102593
List the prime factors of 604426.
2, 302213
What are the prime factors of 1834140?
2, 3, 5, 7, 11, 397
What are the prime factors of 840011?
37, 73, 311
List the prime factors of 3170531.
7, 13, 34841
List the prime factors of 11484.
2, 3, 11, 29
List the prime factors of 841783.
29, 29027
List the prime factors of 508558.
2, 254279
List the prime factors of 14076660.
2, 3, 5, 13, 18047
List the prime factors of 2115718.
2, 11, 17, 5657
List the prime factors of 18821800.
2, 5, 94109
What are the prime factors of 2650177?
19, 139483
What are the prime factors of 837200?
2, 5, 7, 13, 23
List the prime factors of 404349.
3, 11, 12253
List the prime factors of 48191.
11, 13, 337
List the prime factors of 7115816.
2, 257, 3461
List the prime factors of 198748.
2, 11, 4517
List the prime factors of 8314716.
2, 3, 692893
List the prime factors of 108010.
2, 5, 7, 1543
List the prime factors of 115296.
2, 3, 1201
What are the prime factors of 131029?
283, 463
What are the prime factors of 7228058?
2, 547, 6607
List the prime factors of 9313981.
31, 103, 2917
What are the prime factors of 290445?
3, 5, 17, 67
What are the prime factors of 2096374?
2, 7, 137, 1093
What are the prime factors of 65293?
65293
List the prime factors of 338312.
2, 13, 3253
List the prime factors of 388113.
3, 11, 19, 619
List the prime factors of 18684565.
5, 557, 6709
List the prime factors of 22643334.
2, 3, 7, 37, 1619
List the prime factors of 21091046.
2, 23, 458501
List the prime factors of 558354.
2, 3, 93059
List the prime factors of 190593.
3, 13, 181
List the prime 